s. Suppose -y*j - 10 = -8*j. What is the units digit of j?
2
Suppose 9 = 3*z, -4*z + 111 + 351 = 5*h. What is the tens digit of h?
9
Let t = -37 - -57. Suppose w = 5*w - t. What is the units digit of w?
5
Suppose 5 = 4*q + g + 3, 3*q + 2*g - 4 = 0. Suppose q = -0*s - s - 3*p + 12, 2*p = 2*s. Let y = -2 + s. What is the units digit of y?
1
Suppose -10*h = -9*h - 42. What is the units digit of h?
2
Let r be 5/20 + (-33)/(-12). Suppose 6*q - r*q = 114. What is the units digit of q?
8
Let x = 7 + -5. What is the units digit of (-1)/x - (-36)/8?
4
Suppose 4*i - 2 = 4*s + 2, -11 = -3*i + s. Suppose -h = 2*z - 43, 3*h - 72 = -i*z + 36. What is the units digit of z?
1
Let l(d) = d + 12. Let b be l(0). Suppose 0 = -y - 3*k + 24, 5*k + 16 + b = 4*y. What is the tens digit of y?
1
Suppose 40 = 7*x - 6*x. What is the units digit of x?
0
Let v(o) = 4*o + 5. Let x be v(-4). Let t = x - -6. Let k = t + 13. What is the units digit of k?
8
Let b = -6 - -12. What is the units digit of b?
6
Suppose 2*o + 30 = 3*h - 3*o, o = h - 12. What is the tens digit of h?
1
Let p = -31 - -48. What is the units digit of p?
7
Suppose -4*c + 103 = -1. Let g = 67 - c. What is the units digit of g?
1
Let s(v) = -v**2 + v + 13. Let z be s(0). Let q = z - -15. What is the tens digit of q?
2
Let c = 173 - 113. What is the tens digit of c?
6
Let a(u) = -u**2 + 11. Suppose 4*d + d = 0. What is the units digit of a(d)?
1
Let n(l) = -l**3 + 11*l**2 - 5*l + 15. Let v be n(11). What is the units digit of (1/2)/((-4)/v)?
5
Suppose -g + 9 = 2*g, 5*y - 137 = -4*g. What is the tens digit of y?
2
Let a(u) = 3*u**2 - 2*u. What is the units digit of a(-3)?
3
Suppose -4*a + 548 = -2*u + 3*u, -2*a - 5*u + 292 = 0. What is the units digit of a?
6
Let q(y) = 2*y**2 + 14*y + 10. What is the units digit of q(-7)?
0
Suppose 5*g + 3*d = -0*d + 64, 4*d + 36 = 2*g. Suppose -p + g + 11 = -3*v, -3*p + 2*v + 68 = 0. What is the units digit of p?
2
Let l be (-6)/5*25/(-10). Suppose -5*f + 35 = 4*j, j + 9 = -f - l*j. What is the units digit of f?
1
Let t = -33 - -120. What is the units digit of t?
7
Suppose 0*v - 3*v + 21 = 0. Let s(j) = -j**3 + 7*j**2 + 3. What is the units digit of s(v)?
3
Let c = 129 - -87. What is the tens digit of c?
1
Let v = 5 + -3. Let j(l) = -6 - l + 7*l + 0*l + 3. What is the units digit of j(v)?
9
Let y be (-1)/(-2)*-6 - -12. What is the tens digit of (17/3)/(3/y)?
1
Let d = 3 + -4. Let l = -1 + d. What is the units digit of (-4)/(l + (-3)/(-2))?
8
Suppose 8*p - 68 = 4*p. Suppose -23 = -5*t + p. What is the units digit of t?
8
Let v(o) = -5*o**3 - 6*o**2 + 7*o - 4. Let s(a) = -a**3 + a. Let w(t) = -6*s(t) + v(t). What is the units digit of w(6)?
2
Let i(x) = -x**3 + 14*x**2 - 14*x + 17. Let u be i(13). Suppose 3*z - 12 = -3*s, u*s - z = 28 - 2. What is the units digit of s?
6
Let h(m) = m**3 + 7*m**2 + 5*m - 7. Let a be h(-6). Let j = 2 - a. What is the units digit of j?
3
Suppose -3*o + 24 = 5*b, -b + 4 = -2*o + 3*o. Suppose q = 0, -5*s + 24 = -2*q - b. What is the units digit of s?
6
Let n(s) = 3*s - 10. Let l = 1 + 11. What is the tens digit of n(l)?
2
Let i = -9 - -6. Let z be 8/(-3)*(0 - i). Let x = 1 - z. What is the units digit of x?
9
Let z be (-1 - -5)*5/2. Suppose -z*f + 12*f - 18 = 0. What is the units digit of f?
9
Let x be 4*((-3)/(-1))/(-12). Let h = 51 - x. What is the tens digit of h?
5
Let g = 6 - 5. Let i be ((-3)/1)/(-1 + 0). Suppose 0 = -i*p + 16 - g. What is the units digit of p?
5
Let h = 12 - 21. Let p = h - -12. What is the units digit of (-1)/3*-8*p?
8
Let a = 252 + -107. What is the units digit of a?
5
Let t = 451 + -246. What is the tens digit of t?
0
Let k be (-3)/(-4) - (-2082)/(-24). Let d be k/(-7) - 4/14. What is the units digit of d + 0 + 1/(-1)?
1
Suppose -d - 1 + 4 = 0. Suppose d*i + 24 = 162. What is the tens digit of i?
4
Let d be 2 - (0 + 2 - -6). Let k be 2 + d/3 + 0. Suppose -4*i + 21 + 15 = k. What is the units digit of i?
9
Let g be 48 + (-6)/2*-1. Suppose -3*m + 0*m + g = 0. What is the tens digit of m?
1
Let s = 9 - 4. Suppose 20 = s*k - g - 1, 4*g = -3*k + 31. What is the units digit of k?
5
Let b = 22 - -45. Let w = b - 39. What is the tens digit of w?
2
Let v = 8 + -2. Suppose w + 1 = 0, x + w = v*w + 3. What is the units digit of (x - (3 + -2))/(-3)?
1
Let l = -8 + 6. What is the units digit of (4*-1)/(-1) + l?
2
Suppose 3*v + 125 = 4*v. Suppose 2*n - n + 2*p - 16 = 0, 5*p + v = 5*n. What is the units digit of n?
2
Suppose 35 = -4*g - g. Let f(u) = -2*u + 12. What is the units digit of f(g)?
6
Let z = 0 - -5. Let h = 402 + -278. Suppose -z*m + h = 39. What is the units digit of m?
7
Suppose -141 = -3*v + 12. Suppose -4*z = -97 - v. What is the units digit of z?
7
Suppose 0 = s - 0 - 4. Suppose v = -l - 3, -16 = -0*v + 2*v + s*l. Suppose 0 = -v*c + 5*t + 20, 2*c = c + 2*t + 10. What is the units digit of c?
0
Suppose 3*k - v = -2 - 5, 0 = -5*k - v - 1. Let d be 2/(-1*(0 - k)). Let t(h) = -h**2 - 4*h - 3. What is the units digit of t(d)?
1
Let d be (-1)/(-5) + 38/10. Let u = d - -13. What is the tens digit of u?
1
Let s be 0 - 0 - (-21 - -5). Suppose -q = q - s. What is the units digit of 6/q - 18/(-8)?
3
Let r = -203 + 398. What is the tens digit of r?
9
Let s(r) = -34*r. Let u be s(-1). Suppose 4*z + u = 162. What is the tens digit of z?
3
Suppose -3*n + 5*n + 5 = -3*a, 8 = -2*n. Let w(i) be the first derivative of -i**3/3 + i**2/2 + i + 1. What is the units digit of w(a)?
1
Let l(w) be the first derivative of -w**5/20 + w**4/4 + 5*w**3/6 - w**2/2 - 2*w + 1. Let n(g) be the first derivative of l(g). What is the units digit of n(4)?
3
What is the tens digit of (8/(-3))/((-12)/126)?
2
Suppose 2*n + 120 = 426. What is the units digit of n?
3
Suppose -o + 11 = -t + 5, 4*t = 3*o - 20. Let z(q) = q**2 + q + 1. Let k be z(t). Let i = 4 - k. What is the units digit of i?
1
What is the tens digit of (-1050)/40*(-16)/6?
7
Let s(j) = -j + 9. What is the units digit of s(-9)?
8
Suppose 2 = -2*z + 14. Suppose -44 + z = -b. What is the units digit of b?
8
Suppose 0 = m + 6*v - 5*v, 2*v = -6. Let i be 3/(0 - (-3)/3). Suppose -2*x - m*a - i = 0, 2*a - 2 = -0*x - 2*x. What is the units digit of x?
6
Let g(w) = -w**3 + 8*w**2 + 4*w - 10. Let s be g(8). Suppose -3*r + 13 = 2*q, q + s = 4*r - q. Suppose -l + r = -14. What is the units digit of l?
9
Suppose h = -0*h + 4*g + 21, 5*h = 4*g + 105. Let p(t) = -t**2 + 2*t + 6. Let u be p(-3). Let i = h + u. What is the tens digit of i?
1
Suppose 0 = -3*v + 10 - 1. What is the units digit of 4*-1*v/(-12)?
1
Let z be (-2)/(2 - (3 + 1)). Let q = 3 + z. What is the units digit of q + (-1 - 4/(-2))?
5
Let u be (2/6)/(3/18). Suppose -u = -2*p + 2. Suppose k + b = 8 - p, b - 1 = 4*k. What is the units digit of k?
1
Suppose 9*c - 220 = 4*c. What is the units digit of c?
4
What is the tens digit of (0 - (-2)/(-2))/(11/(-198))?
1
Let j(v) = 4*v**2 + 3*v - 1. Let g = -2 - -5. What is the units digit of j(g)?
4
Let i(b) = -b**2 + 4*b + 3. What is the units digit of i(4)?
3
Let n = 73 + -14. What is the units digit of n?
9
Let n(k) = 2*k**2 + 13*k + 5. What is the units digit of n(-10)?
5
Let z = 7 + 0. Let j = z + -3. What is the units digit of j?
4
Let f(i) = i**2 - 5*i - 8. Let v be f(7). Suppose v*j - 8 = 2*j. What is the units digit of j?
2
Suppose 2*m - 78 = -0*m. What is the tens digit of m?
3
Let m = 0 + -1. What is the units digit of (m + -6)*72/(-42)?
2
Let u = 16 - 11. What is the units digit of u?
5
Let q = 193 - 137. Suppose -8 = 3*d - q. What is the tens digit of d?
1
Let n(q) = 15*q**2 + 7*q. What is the units digit of n(-2)?
6
Let z = 32 - -44. What is the tens digit of z?
7
Let z(w) = -w**3 + 6*w**2 + 9*w - 6. Suppose s + 0*s = 6. Let a(p) = 2*p - 5. Let x be a(s). What is the units digit of z(x)?
8
Suppose 0 = -2*n - 2 + 10. Suppose n*i = -18 + 66. What is the units digit of i?
2
Let h be 2/((-3)/5 - -1). Suppose -3*u = -14 + h. Suppose 3*v - 27 = -u*k, -65 = -5*v - 3*k - 16. What is the tens digit of v?
1
Let a(d) = d**3 - 2*d**2 - d + 3. Let j(v) be the third derivative of v**5/60 - v**4/8 - 7*v**3/6 - 2*v**2. Let m be j(5). What is the units digit of a(m)?
9
Suppose -5*o + 38 = 2*v, 0 = -3*v + 2*o - 36 + 93. What is the tens digit of v?
1
Suppose 0 = w - 0*w - 114. Suppose 3*d + 0*d = -w. Let m = 